{"id":180,"date":"2019-05-05T15:14:37","date_gmt":"2019-05-05T15:14:37","guid":{"rendered":"http:\/\/www.bletschuweg2.ch\/?page_id=180"},"modified":"2023-12-31T16:41:03","modified_gmt":"2023-12-31T16:41:03","slug":"einkaufen","status":"publish","type":"page","link":"https:\/\/www.bletschuweg2.ch\/?page_id=180","title":{"rendered":"Einkaufen"},"content":{"rendered":"\n<p>Entlang der &#8222;Hauptstrasse&#8220; mitten durch Kippel befindet sich ein kleines L\u00e4deli, in welchem oft am Morgen resp. am Vormittag das N\u00f6tigste eingekauft werden kann. Frisches Brot (auch Roggenbrot) steht am Morgen immer zum Verkauf bereit. F\u00fcr gr\u00f6ssere Mengen Brot oder f\u00fcr Spezialw\u00fcnsche wie Weggli oder Gipfeli empfiehlt sich eine Reservation am Vortag. Betreffend \u00d6ffnungszeiten informiert man sich am besten direkt vor Ort . An speziellen Tagen ist das L\u00e4deli am Morgen um 8 Uhr f\u00fcr eine Stunde ge\u00f6ffnet.<\/p>\n\n\n\n<p>Ein deutlich gr\u00f6sseres Angebot f\u00fchrt der Dorfladen in Wiler (gut zu Fuss erreichbar). Direkt unter der Seilbahnstation bietet eine VOLG-Filiale ein recht differenziertes Sortiment. Die \u00d6ffnungszeiten sind mindestens w\u00e4hrend der Hochsaison sehr komfortabel eingerichtet. Zu Stosszeiten ist der laden aber v\u00f6llig \u00fcberf\u00fcllt.<\/p>\n\n\n\n<p>Hat man mal gar keine Lust aufs Einkaufen oder haben alle L\u00e4den geschlossen, darf man sich am Notvorrat im Keller bedienen (mit der Bitte, die entnommenen Waren im Verlauf des Aufenthalts zu ersetzen).<\/p>\n\n\n\n<p>Einkaufsm\u00f6glichkeiten im Tal gibt es verschiedene; die erste Ortschaft im Rhonetal ist Steg, dort findet man nebst COOP und Migros auch eine Apotheke und eine Metzgerei. Talaufw\u00e4rts und -abw\u00e4rts gibt es verschiedene gr\u00f6ssere und kleinere Einkaufsm\u00f6glichkeiten, zum Teil auch Bauernm\u00e4rkte&#8230;<\/p>\n","protected":false},"excerpt":{"rendered":"<p>Entlang der &#8222;Hauptstrasse&#8220; mitten durch Kippel befindet sich ein kleines L\u00e4deli, in welchem oft am Morgen resp. am Vormittag das N\u00f6tigste eingekauft werden kann. Frisches Brot (auch Roggenbrot) steht am Morgen immer zum Verkauf bereit. F\u00fcr gr\u00f6ssere Mengen Brot oder f\u00fcr Spezialw\u00fcnsche wie Weggli oder Gipfeli empfiehlt sich eine Reservation am Vortag. Betreffend \u00d6ffnungszeiten informiert [&hellip;]<\/p>\n","protected":false},"author":1,"featured_media":0,"parent":0,"menu_order":0,"comment_status":"closed","ping_status":"closed","template":"template-fullwidth.php","meta":{"footnotes":""},"class_list":["post-180","page","type-page","status-publish","hentry","post-preview"],"_links":{"self":[{"href":"https:\/\/www.bletschuweg2.ch\/index.php?rest_route=\/wp\/v2\/pages\/180","targetHints":{"allow":["GET"]}}],"collection":[{"href":"https:\/\/www.bletschuweg2.ch\/index.php?rest_route=\/wp\/v2\/pages"}],"about":[{"href":"https:\/\/www.bletschuweg2.ch\/index.php?rest_route=\/wp\/v2\/types\/page"}],"author":[{"embeddable":true,"href":"https:\/\/www.bletschuweg2.ch\/index.php?rest_route=\/wp\/v2\/users\/1"}],"replies":[{"embeddable":true,"href":"https:\/\/www.bletschuweg2.ch\/index.php?rest_route=%2Fwp%2Fv2%2Fcomments&post=180"}],"version-history":[{"count":5,"href":"https:\/\/www.bletschuweg2.ch\/index.php?rest_route=\/wp\/v2\/pages\/180\/revisions"}],"predecessor-version":[{"id":989,"href":"https:\/\/www.bletschuweg2.ch\/index.php?rest_route=\/wp\/v2\/pages\/180\/revisions\/989"}],"wp:attachment":[{"href":"https:\/\/www.bletschuweg2.ch\/index.php?rest_route=%2Fwp%2Fv2%2Fmedia&parent=180"}],"curies":[{"name":"wp","href":"https:\/\/api.w.org\/{rel}","templated":true}]}}